10*v + 7. Let r(z) = z**3 - z**2 - 9. Let s be r(0). Let p be l(s). What is the greatest common factor of p and 128?
16
Let d(o) = -o**3 - o**2 - o - 1. Let g be d(-2). What is the highest common divisor of 10 and g?
5
Let u = 253 - 389. Let m be u/(-36) - (-2)/9. What is the highest common divisor of 36 and m?
4
Let y(r) = -2 - 10*r - 1 + 4*r. Let p be y(-2). What is the highest common factor of 9 and p?
9
Suppose 2*j - 5*j + 6 = 0. Suppose 0 = -j*o + 4 + 50. Let q = -18 + o. What is the greatest common factor of q and 36?
9
Let s(h) = -15*h + 2 + 5 + 4*h - 9*h. Let v be s(-9). Calculate the highest common divisor of v and 17.
17
Let u be 1 + 1 + 71 + 3. Let v(k) = k**3 - 4*k**2 + 4*k + 3. Let l be v(4). Calculate the highest common divisor of u and l.
19
Suppose 0*n - n + 35 = 0. Suppose 5*x + n = 5*r, -5*r - 2*x - x = -27. What is the greatest common divisor of 2 and r?
2
Let z = 41 + -30. Suppose -2*i - 3*f + 148 = -5*f, -f - 228 = -3*i. Calculate the greatest common factor of z and i.
11
Let p be (-1001)/(-7)*2/2. Suppose 4*g = -4, 2*r - 22 = -6*g + 2*g. What is the greatest common divisor of r and p?
13
Let b be -14 - 0 - 4/2. Let z be b/(-4) - (2 + -3). What is the highest common divisor of z and 45?
5
Let k(c) be the third derivative of -c**4/6 - c**3/3 + 5*c**2. Suppose 0*n - 2*n = 16. Let z be k(n). Calculate the greatest common divisor of 3 and z.
3
Suppose t = 64 + 17. What is the highest common factor of t and 9?
9
Let g = 23 - 5. Suppose -t + 70 = 5*b, -b - 40 = t - 2*t. Calculate the greatest common divisor of t and g.
9
Let o = 108 - 64. Calculate the greatest common divisor of o and 11.
11
Suppose -62 = -4*g + 5*j - 5, -5*g = 4*j - 61. Suppose -63 = -2*h - g. What is the greatest common divisor of h and 275?
25
Let m(u) = u + 8. Let l be m(-5). What is the highest common factor of l and 15?
3
Suppose 3 - 7 = 4*n, 3*n - 27 = -5*v. Suppose -28*l - 134 = -1478. Calculate the greatest common factor of l and v.
6
Suppose 2*i + 8 = 4*i. Suppose n + i*n - 20 = 0. Let p = n + 5. Calculate the highest common divisor of 45 and p.
9
Let m = 279 + -175. Let o be m/10 - (-6)/(-15). Suppose 5*z - 44 = 4*d, 3*z = 2*z + 2*d + o. What is the greatest common divisor of 16 and z?
8
Suppose 3*g - g - 170 = 0. Suppose 2*h = -5*r + 83, 0*h + 2 = -2*h. Calculate the greatest common factor of g and r.
17
Suppose -2*a - 2*a = -12, -2*i + 18 = -4*a. Let n = -21 + 30. Let x = n + i. What is the highest common divisor of 16 and x?
8
Let b(d) be the third derivative of -d**6/60 + d**5/30 + d**3/3 + 3*d**2. Let g be b(-2). What is the highest common divisor of g and 39?
13
Suppose 4*o = 4*w - 24, -4 = -w - 3*o - 14. Suppose w*v - 109 = 3. Suppose 7 + 5 = q - 4*s, 0 = -4*q + s + 33. What is the highest common factor of q and v?
8
Suppose 0 = -h - 4*h + 3*s + 106, 5*s = h - 30. Suppose -44 + 9 = -5*t - 5*i, -5*i - 37 = -4*t. Calculate the highest common divisor of h and t.
4
Let f(c) = 2*c - 4*c + 2 + 2*c - c + 2*c**2. Let h be f(2). Suppose 2*w = a + 3*w - h, -w = 5. What is the highest common divisor of 91 and a?
13
Let i = -7 + 10. Suppose i*p = -3*r + 27, 0 = -2*p - 3*r - r + 16. Let h = 3 - 1. Calculate the highest common divisor of h and p.
2
Let l be -1 + -1 + 5 - 0. Suppose l*v + 13 = -8. Let t = v + 18. What is the highest common divisor of t and 11?
11
Suppose 0 = -5*c + 17 - 7. Calculate the highest common divisor of c and 2.
2
Let o(l) = -8*l - 3. Let m be o(5). Let d = -31 - m. What is the greatest common divisor of 132 and d?
12
Let k be (16/20)/((-2)/(-35)). What is the greatest common factor of 98 and k?
14
Suppose 4*c + 5*y - 40 = 0, -5*c + 17 = -4*y + 2*y. What is the greatest common factor of c and 5?
5
Let r = 59 - 48. Calculate the highest common factor of 44 and r.
11
Let k = 12 - 7. Suppose -k*i = 4*l - 295, 5*i + 6*l - 4*l = 305. What is the greatest common factor of i and 7?
7
Let u(y) = y**2 - 8*y + 14. Let v be u(6). Let r(z) = z**3 - 3*z + 3. Let b be r(v). What is the greatest common divisor of b and 1?
1
Suppose 5*n - 329 = 111. Calculate the greatest common divisor of 11 and n.
11
Let p be (-3)/(-6) + -1 - (-71)/2. What is the highest common divisor of 210 and p?
35
Suppose 7*g - 3*g + 52 = 0. Let r = 5 + -8. Let a = r - g. What is the greatest common divisor of a and 20?
10
Let w(o) = o**2 - 2*o - 8. Let t be w(6). Let x = 1 + 1. What is the highest common factor of t and x?
2
Suppose 2*b - 4*b = -42. Let o be (3/(-6))/((-2)/12). Calculate the highest common factor of b and o.
3
Let c = 3 - -7. Let z = 50 + 40. What is the greatest common factor of z and c?
10
Suppose -6 = -2*o - 5*n + 18, -5*o = -5*n - 25. Suppose 2*x = 4*l + 25 - o, 4*l = -2*x - 6. Let b = -22 + 31. What is the highest common divisor of b and x?
3
Suppose 2*j + 10 = z, -3*j = 7 + 5. Suppose z*d = d + 27. Calculate the greatest common divisor of d and 9.
9
Let c(g) = -g**2 + 8*g + 4. Let u be c(8). Calculate the greatest common divisor of 20 and u.
4
Suppose 2*t + 2*k - 12 = 0, -6 = 3*t - 0*k - 3*k. Let c = -3 + 0. Let x be 68/6 - t/c. Calculate the highest common divisor of x and 12.
12
Let k = 132 - 87. Suppose -4*r + 36 = -0*r. What is the greatest common factor of r and k?
9
Suppose 4*g + 11 = -5*b, 3 = 3*g + 4*b + 11. Let d be (8/(-12))/(g/6). What is the highest common divisor of 7 and d?
1
Let f(z) = z**2 + 14*z - 42. Let a be f(-18). Calculate the greatest common factor of a and 15.
15
Suppose 0 = -0*m - 5*m. Suppose 2*x = -u + 189, -5*x - 3*u = -m*u - 475. Calculate the greatest common divisor of 23 and x.
23
Let p = -2 + 4. Let i be (10/6 - p)*-3. What is the greatest common factor of i and 2?
1
Let v(b) = b**3 + 6*b**2 + b + 9. Let s be v(-6). What is the highest common divisor of s and 27?
3
Let i be (-3)/(-2) - 6/12. Let h = i + 19. Calculate the highest common factor of h and 8.
4
Suppose -140 = -12*s + 8*s. Let x = s + -8. What is the highest common factor of x and 18?
9
Suppose 8*h - 824 = 4*h + v, -5*h - 5*v = -1055. Calculate the greatest common factor of 23 and h.
23
Let t(s) = 4*s - 23. Let a be t(13). Calculate the greatest common factor of 29 and a.
29
Let z be (-6)/((-1)/24*2). Let m = 138 - z. What is the greatest common divisor of 22 and m?
22
Suppose r + 2*r = -4*m + 40, -m = -1. What is the greatest common divisor of r and 18?
6
Let k = 1 - 13. Let b be (-2)/(-6) + (-380)/k. Let m = 10 + -2. Calculate the highest common divisor of b and m.
8
Suppose -2*l + l + 2 = 0. Let b(r) = l*r + 5*r - 3 - 4*r. Let z be b(2). Calculate the greatest common factor of 21 and z.
3
Let q be ((-6)/12)/((-2)/4). Let t = q - -4. Suppose t*h - 35 - 140 = 0. Calculate the greatest common divisor of h and 14.
7
Let v(n) = -2*n**2 + 8*n + 6. Let o be v(4). What is the greatest common divisor of 18 and o?
6
Let v be ((-5)/(-10))/((-4)/(-576)). Calculate the greatest common divisor of 9 and v.
9
Let a = -47 - -98. Suppose -3*k - 47 = -149. Calculate the greatest common factor of a and k.
17
Suppose q = -2*s + 258, -q - 2*s = 4*q - 1250. Suppose -4*f - 48 = -j + 3, 104 = 4*j + 4*f. What is the greatest common divisor of q and j?
31
Let b be 1/(-3*(-3)/432). Let t be ((-1)/(-2))/(3/b). Let d = -7 + 19. What is the highest common factor of d and t?
4
Let v(g) = g**3 + 10*g**2 + 7*g - 10. Let m be v(-9). Let a be (4/2)/(3/12). Calculate the greatest common factor of m and a.
8
Suppose 9*s = 6*s + 144. What is the highest common factor of 12 and s?
12
Let h be 4 + 120/(-27) + 1682/18. Suppose -2*w = -2*f + f - 127, f = -2*w + 121. Calculate the greatest common divisor of w and h.
31
Let d(x) = -x**3 - 27*x**2 + 23*x - 49. Let b be d(-28). Calculate the greatest common divisor of b and 39.
13
Let r = -1 + 3. Suppose 2*x = 3*x - r. Let z = 7 + x. What is the highest common factor of 45 and z?
9
Suppose o - 26 = 14. Let l(s) = -19*s**3 - 2*s - 1. Let p be l(-1). What is the highest common divisor of p and o?
20
Suppose -3*v + v = -126. Let u = 14 - 7. Calculate the highest common factor of v and u.
7
Let f = 5 - 2. Suppose -f*s + 9 = -3*i + 30, -s = -3*i + 19. Suppose 0 = -v - 4*n + 16, v + 5*n = i + 13. Calculate the highest common divisor of v and 10.
2
Suppose 6*j = 504 - 168. What is the greatest common factor of j and 28?
28
Let u be 21*(66/9 - 7). Let j = 